19?
17
Suppose -4*j = 4*b - 51 - 93, 3*b = 2*j - 72. Calculate the greatest common factor of j and 3252.
12
Suppose n - u = 4*n - 31, -n - 3*u - 3 = 0. Suppose 25*f = -25*f + 3900. Suppose -f*q + 4920 = 4*q. What is the greatest common divisor of q and n?
12
Let l(n) = -17*n**3 - 3*n**2 - 4*n + 2. Let q be l(-1). Calculate the highest common factor of q and 2265.
5
Let g(w) = 22*w**2 + 346*w - 82. Let c be g(-20). Calculate the greatest common factor of c and 310.
62
Let x(l) = 4*l**3 - 6*l**2 + 10*l - 9. Let r be 6/11 + 49/11. Let b be x(r). What is the highest common factor of b and 23?
23
Let a = 511 - -273. Suppose 4*h - 12*h + a = 0. What is the greatest common factor of h and 70?
14
Let a = -9008 - -9554. Calculate the greatest common factor of 210 and a.
42
Suppose b - 3 + 0 = 0. Suppose -24*g + b = -27*g. Let m be 22*(g/(-1) - (-7 - -6)). Calculate the highest common divisor of m and 22.
22
Let s = 9739 - 8791. What is the highest common factor of s and 5925?
237
Let o be ((-1136)/10)/(58/210 - 8/24). What is the greatest common factor of o and 70?
14
Suppose 0 = 17*d - 19*d - 784. Let p = -212 - d. Calculate the greatest common factor of 40 and p.
20
Let h = 276 + -156. Let b(y) = y**2 - 10*y - 51. Let s be ((-5)/(-3))/(19/(-57)). Let n be b(s). What is the highest common divisor of n and h?
24
Let h(t) = -t**2 + 12*t + 5. Let f be h(5). Let g be 750/f + 2/((-16)/6). What is the greatest common factor of g and 12?
6
Suppose -8*a = -19*a + 14*a. Suppose 0 = 4*c + 3*d - 783, -5*c - 4*d + a*d + 980 = 0. Let v = -104 + c. Calculate the highest common factor of v and 8.
8
Suppose 2*n + 3*s = 437, -3*s + 6*s = 4*n - 811. Calculate the greatest common divisor of 5200 and n.
208
Let v = 242 + -242. Suppose v = 31*u - 23*u - 680. What is the greatest common factor of 17 and u?
17
Suppose 3783 = v - 4*i, -15106 = -4*v + 5*i - 2*i. Calculate the greatest common divisor of v and 50.
25
Suppose 3*j = 1526 - 8. Suppose -k + z = -84, 37*k - 34*k - 262 = -2*z. Suppose k - j = -2*w. What is the highest common divisor of 42 and w?
42
Suppose -5*c - 16991 = -3*t, 11369 = t + t + 5*c. Suppose 20*m = 3148 + t. Calculate the greatest common factor of m and 63.
63
Let d be ((-42)/28)/((-1)/(-428)*-2). Let g = d + -257. What is the highest common factor of g and 48?
16
Let g(f) be the first derivative of -71*f**2 - 9*f - 59. Let q be g(-1). Let v = -49 - -56. What is the greatest common factor of q and v?
7
Suppose -30815 + 9011 = -5*z - 4*a, 4365 = z + 5*a. Calculate the highest common factor of z and 40.
40
Suppose -940*b + 950*b - 133200 = 0. Calculate the greatest common divisor of b and 36.
36
Suppose -h = 2, 231 = 2*c + 2*h - 320 + 357. Let g = -21 - -32. What is the greatest common divisor of c and g?
11
Suppose 31 - 11 = 5*v. Suppose 9 = -v*s + 7*s. Suppose -78 = s*x - 16*x. What is the greatest common factor of x and 30?
6
Suppose -14*m + 45 = -5*m. Let c be (0 - -5) + m + -6. Suppose c*n = 65 - 21. What is the highest common divisor of 2 and n?
1
Let k(n) = 27*n**3 + n**2 - 2*n. Let p be k(1). Let v = p - 26. Suppose v*s + 20 = y - s, -s - 42 = -2*y. Calculate the greatest common divisor of y and 154.
22
Let c = -140659 - -140667. Let n be 1/3 - (-2926)/6. What is the highest common divisor of c and n?
8
Let o(z) = -z**3 - 6*z**2 - 3*z + 6. Let h be o(-6). Let s = -222 - -417. Let w be (5200/s)/(2/9). Calculate the highest common factor of w and h.
24
Let k = 3013 + -2903. What is the greatest common factor of k and 286?
22
Suppose 237 - 111 = 126*x. Calculate the greatest common divisor of 157 and x.
1
Let i = 285 + -287. Let r(k) = -21*k + 18. Let j be r(i). What is the highest common factor of 15 and j?
15
Suppose 4*d - 14 - 1 = -g, 4*g = -20. Suppose -t = -2*t + 2*t. Suppose -7*o + 66 - 31 = t. Calculate the highest common factor of d and o.
5
Suppose -260*n = -36176 + 7646 - 29710. Suppose -5*o + 0*o = -105. What is the greatest common factor of o and n?
7
Suppose -3*f + f = 2*s - 22206, 2*s = 5*f - 55466. What is the greatest common factor of 190 and f?
38
Let u = 194 - 194. Suppose u = -2*b - 2, 19*b - 57 = -3*z + 16*b. Calculate the greatest common divisor of 230 and z.
10
Let s(w) be the first derivative of -w**2 - 32*w - 125. Let x be s(-26). Calculate the greatest common divisor of x and 35.
5
Let l = -48 + 47. Let f be 6/12*l*3*-24. What is the greatest common divisor of f and 36?
36
Suppose m - 50 = -h, 0 = m - 3*h - 101 + 59. Calculate the highest common divisor of 2256 and m.
48
Let t = -24 - -23. Let d be (-45)/(-27)*(-81)/t. What is the highest common divisor of 15 and d?
15
Let k(l) = -l**3 + 19*l**2 + 29*l - 66. Let z be k(19). Suppose -g = 3*v - z, -4*g = -v - 6*g + 170. Calculate the highest common factor of 5 and v.
5
Let u = 10420 + -8754. What is the highest common divisor of u and 34?
34
Let t be (9/81)/((-3)/9)*0. Suppose t = -80*i + 76*i + 12. Calculate the highest common factor of i and 1.
1
Let p(d) = 22*d + 446. Let t be p(-18). Suppose -5*m + 2*m = -5*z - 35, -3*z = 5*m - 47. Calculate the highest common divisor of t and m.
10
Let k(p) = -4*p**2 - 50*p + 1. Let i be k(-8). What is the greatest common divisor of i and 377?
29
Let q be ((-2)/(-2))/((-2)/(-4)). Suppose -10*p - 4*l + 166 = -2, -3*l + 6 = 0. Calculate the highest common divisor of q and p.
2
Suppose -4*t - 135 = 3*y, 7*y - 11*y - 140 = 4*t. Let i = 49 + t. Calculate the greatest common divisor of 323 and i.
19
Let a = 4241 - 4233. Calculate the highest common divisor of 584 and a.
8
Let r = 7380 + -6867. What is the greatest common factor of r and 4446?
171
Let r be 4*(-240)/64 - -210. Calculate the greatest common divisor of 270 and r.
15
Let m(g) = 12*g**2 + 10*g - 45. Let a(p) = 7*p + 193. Let b be a(-27). Let h be m(b). What is the greatest common factor of 51 and h?
17
Suppose 14143 = 1632*t - 1622*t - 8077. Calculate the greatest common factor of t and 707.
101
Let o be (-788)/(-2 - 0) - 4/36*9. What is the highest common factor of 33 and o?
3
Let p = -1093 - -3956. Calculate the greatest common factor of p and 7.
7
Suppose 752*a = 742*a + 330. Let l(g) = 4*g**3 - 3*g**2 + 3*g - 2. Let z be l(3). What is the greatest common divisor of a and z?
11
Let i = -111 - -111. Suppose -2*j + 3*b + 257 = 0, -b + i*b = -1. Suppose 2*a - j = -5*z, z - 3*a = 10 + 33. Calculate the greatest common factor of z and 21.
7
Let b = 2695 - 2673. What is the greatest common factor of 30 and b?
2
Let f = -240 - -123. Let b be (273/f)/(2/(-132)). Calculate the highest common factor of b and 22.
22
Suppose 0 = 3*m - 5*m + 448. Let c be 4*(-68)/(-32)*2. Suppose -407 = -c*y + 137. Calculate the greatest common factor of y and m.
32
Let w = -13336 - -17111. What is the highest common factor of 604 and w?
151
Let g be (-1)/(1 + 15/(-12)). Suppose 183*x = 253*x - 1400. Calculate the greatest common factor of x and g.
4
Let j = -470 - -775. Suppose 3*m + 1481 = 7*l - 2*l, -l + 5*m = -j. What is the greatest common factor of l and 177?
59
Suppose 4*l - 7*l - 48 = 0. Let b be (20/l)/((-2)/176). Suppose j + 2*o = -2*j + 20, -5*j + 25 = 5*o. Calculate the greatest common factor of b and j.
10
Let r(h) = -131*h - 4. Let k be r(-4). Let p be (-7 - 3)/(-2)*-2*299/(-46). Calculate the greatest common factor of p and k.
65
Let i(m) = 39*m + 381. Suppose 0 = 2*c + 19*c + 189. Let h be i(c). Calculate the highest common factor of 66 and h.
6
Suppose -l = 2*k - 43, 0 = 2*l + k + 4*k - 90. Suppose -8*m + l = -7*m. Suppose -2*n + 25 = -m. What is the greatest common divisor of 5 and n?
5
Let d(m) = -m + 8. Let p be d(6). Suppose -6*v = -p*v - 4*k - 388, 0 = 3*k + 3. Suppose 160 = -651*a + 7972. What is the highest common divisor of a and v?
12
Let v = 47 + 18. Suppose -4*m - 5 + 13 = 0. Suppose p - 73 = -3*k, m*k + 5*p - 3*p - 42 = 0. Calculate the highest common divisor of v and k.
13
Suppose 7*n - 11*n = -2*w + 26, -3 = w + 2*n. Suppose w*j = 72 + 88. What is the greatest common divisor of 16 and j?
16
Suppose -13*b + 141 = 115. Suppose -2298 = -7*n - b. Calculate the highest common factor of 123 and n.
41
Let h = 3311 + -3290. Calculate the greatest common factor of 4 and h.
1
Let g = -24946 + 25016. Calculate the highest common factor of g and 2317.
7
Let c(z) = 2*z**2 + 11*z + 228. Le